when o is divided by 9.
8
Let v = -25 - -37. What is the remainder when 22 is divided by v?
10
What is the remainder when 18 is divided by 2 - ((4 - 0) + -5)?
0
Calculate the remainder when 119 is divided by 4*8 - 20/10.
29
Let z(k) = k**3 - 4*k**2 - 4*k + 2. Calculate the remainder when z(5) is divided by 5.
2
Let l(b) = 3*b - 14. Let x(y) = y**2 - 1. What is the remainder when l(8) is divided by x(-2)?
1
Let v = 82 - 71. Calculate the remainder when 21 is divided by v.
10
Suppose 96 = 4*f - 8. Let t be (-5 - -3) + -1 + 1. Let l(m) = -5*m + 4. What is the remainder when f is divided by l(t)?
12
Suppose r + 3*r = 8. Let a(w) = -w**3 + 5*w**2 - 1. Let h(o) = 6*o + 1. What is the remainder when h(5) is divided by a(r)?
9
Let v be (-32)/(-4)*(-2)/(-2). Let j = 8 + v. Calculate the remainder when 62 is divided by j.
14
Let n = 376 + -111. Suppose n = -b + 6*b. Calculate the remainder when b is divided by 18.
17
Let r = 177 + -306. Let a = -70 - r. Let i = a - 42. Calculate the remainder when 32 is divided by i.
15
Let y(d) = d**2 - 7*d + 5. Calculate the remainder when y(9) is divided by 8.
7
Let f(h) = -h**3 - 3*h**2 - 5*h - 3. Suppose 3*y - 4*n = 82, -5*y - 4*n = -143 - 47. Suppose -y = -2*t - 0*t. What is the remainder when f(-4) is divided by t?
16
Suppose 3*t + y = 21, -t + 15 = 2*t - y. Let m(u) = -2*u**2 + 22*u + 1. Calculate the remainder when m(10) is divided by t.
3
Suppose -3 = -3*h - 0*h. Let g = -10 - -12. Calculate the remainder when g is divided by h.
0
Suppose 2*b + 0 = 4. Let g be (b/(-3))/((-6)/18). Suppose g*q = 11 + 35. Calculate the remainder when q is divided by 8.
7
Suppose -15 - 21 = -3*r. Let h(s) = -s**3 - 8*s**2 + 14*s + 9. Let k be h(-10). Suppose -5*t + 2*t = -k. What is the remainder when t is divided by r?
11
Let j = 21 + -11. Calculate the remainder when 39 is divided by j.
9
Calculate the remainder when 37/2 + 9/6 is divided by 11.
9
Let n(j) = 3*j + 3. Let q be n(3). Let i be (6 + -4)/(1/1). Suppose -i*k + 5*o = -39, 39 = 4*k - o - q. What is the remainder when 34 is divided by k?
10
Suppose -4*y = -3*d - 2*y + 97, -2*d - 4*y = -38. Calculate the remainder when 57 is divided by d.
28
Let p = -1 - -1. Suppose -y = -x + 4 + 2, p = x + 4*y + 9. Let m(s) = -2*s + 1. What is the remainder when m(-3) is divided by x?
1
Let f(w) = 8*w - 5. What is the remainder when f(4) is divided by (-14)/(-3)*(-9)/(-3)?
13
Let x = -2 + 6. Suppose -x*f + 4*m + 40 = 0, 4*f + 0*f - 12 = -3*m. Suppose -f*b = -b - 110. What is the remainder when b is divided by 8?
6
Suppose -4*i = 4, -y = 4*i + 1 + 3. Let d(b) = b**3 + b**2 - b + 4. Let r be d(0). Suppose y = -r*w + 22 + 18. Calculate the remainder when 29 is divided by w.
9
Let b(y) = y**3 - 2*y**2 - 5*y. Calculate the remainder when 21 is divided by b(4).
9
Suppose -14 - 75 = -r. What is the remainder when r is divided by 18?
17
Let w be (-21)/(-4)*2*-2. Let k = w + 34. Calculate the remainder when 24 is divided by k.
11
Suppose -8*s + 258 = -6*s + 2*t, -4*s + 488 = -3*t. Calculate the remainder when s is divided by 21.
20
Let l = -13 - -26. What is the remainder when 25 is divided by l?
12
Let k(j) = j**3 + 7*j**2 - 8*j + 4. Let f be k(-8). Suppose 3*p = r + 2*r - 3, -f*r - 5*p + 49 = 0. What is the remainder when 21 is divided by r?
3
Let i = 18 - 9. Suppose 5*m - 9 = 26. Suppose -3*c = -3*o - 51, -3*c = -m*c - 2*o + 56. Calculate the remainder when c is divided by i.
6
Suppose g - 5*i - 45 = -g, 5*i = -3*g + 55. Calculate the remainder when 77 is divided by g.
17
Let o(j) = -j**3 - 11*j**2 + 13*j + 16. Suppose -8 = s + 5*m + 9, 1 = -m. Calculate the remainder when 15 is divided by o(s).
3
Calculate the remainder when 69 is divided by (-1 - 1)*6/(-8)*18.
15
Let k = -13 - -11. What is the remainder when 77 is divided by (k + 122)/4 + -4?
25
Let d be 3*3/9*3. Suppose d*p = 4*i + 17, -7 - 8 = -2*p - i. Let q = 37 - 25. What is the remainder when q is divided by p?
5
What is the remainder when 14 is divided by 11 + 3 + -1 - 4?
5
Suppose 240 = -y + 3*y. Let m = -84 + y. Let f = -3 + m. What is the remainder when f is divided by 17?
16
Suppose j - 15 = 4*d, -2*d - 1 - 5 = 0. Suppose -12 = -2*s - 4*h, 0*s + j*h - 1 = -s. Calculate the remainder when 46 is divided by s.
14
Let g = 23 + -25. Calculate the remainder when ((-108)/(-63))/(g/(-7)) is divided by 2.
0
Let g be 0 + (-2)/(-1) + 0. Suppose o + g = -4. Calculate the remainder when 32 is divided by 42/4 + o/(-12).
10
Let b(t) = 79*t**3 - 2*t**2 + 3*t - 1. What is the remainder when b(1) is divided by 20?
19
Suppose -43 = 8*c - 315. Calculate the remainder when c is divided by 18.
16
Suppose -4*a + 28 = -16. What is the remainder when 20 is divided by a?
9
Let c be 2/11 + (-8)/44. Let x = 7 - c. Calculate the remainder when 13 is divided by x.
6
What is the remainder when 73 is divided by 10/(-3*(-2)/9)?
13
Suppose -2*w + 15 = q, 0 - 5 = q. Calculate the remainder when 27 is divided by w.
7
Let c(o) = -69*o**3 + o**2 + o + 1. Let g be c(-1). Suppose -6 = 5*k + 4*u - g, -47 = -4*k + u. What is the remainder when k is divided by 5?
2
Suppose 2*h - 4*h = 44. Let l = -14 + 6. Let d = l - h. What is the remainder when 40 is divided by d?
12
Suppose 3*p + 2*p = 0. Suppose p = -5*f - 0 + 65. What is the remainder when f is divided by 4?
1
Let x(p) = -8*p + 7. Calculate the remainder when x(-3) is divided by 17.
14
Let h = 90 - 66. Suppose 3*z + 90 = 5*z. What is the remainder when z is divided by h?
21
Let l(w) = -w**2 + 15*w - 12. Suppose 0*y + 16 = 2*y. What is the remainder when l(12) is divided by (-156)/y*(-4)/6?
11
Let b(q) = -11*q - 14. Calculate the remainder when 33 is divided by b(-3).
14
Suppose -2*z + 36 = 4*g - 48, 2*z = -g + 27. What is the remainder when g is divided by 6/(-4*(-4)/16)?
1
Suppose -2*v + 0*v - 4 = 0. Let q be v/((-6)/(-9) - 0). What is the remainder when 17 is divided by 50/6 - 2/q?
8
Let t(i) = 2 + 10*i + i - 5. What is the remainder when t(3) is divided by 16?
14
Let j(n) = n**3 + 2*n - 27. Let u be j(0). Let k = -17 - u. Let p = 92 - 53. Calculate the remainder when p is divided by k.
9
Suppose -5 - 10 = 5*r + 5*z, 5*r - 4*z = -60. Let c = -4 - r. Calculate the remainder when 11 is divided by c.
3
Suppose 2*y = -16 + 54. What is the remainder when 35 is divided by y?
16
Suppose 8*y - 3*y - 105 = 0. What is the remainder when y is divided by 4?
1
Suppose 3*j = l + 65, 4*l - 2*l = -j + 10. Suppose -4*b = -4*q + 172, -5*b + 23 = -q + 82. Calculate the remainder when q is divided by j.
19
Let a(x) = x - 5. Suppose -5 = -t - 0*t. Let l be a(t). Suppose d + l*d = 17. Calculate the remainder when d is divided by 9.
8
Suppose -79 = -g - 4*a + 9*a, 316 = 4*g + 3*a. What is the remainder when g is divided by 10?
9
Suppose g + 4*b = 46, 5*g - 2*b - 83 = 37. What is the remainder when 102 is divided by g?
24
Let f(z) = -3*z**3 - 3*z**2 + z. Calculate the remainder when 88 is divided by f(-2).
8
Let n be 26 - (-1 - -1)/3. Let b = n - 15. Calculate the remainder when b is divided by 3.
2
Let u be (-22)/(-3)*(-12)/(-8). Let w = u - -23. What is the remainder when 100 is divided by w?
32
Let v = 6 + -3. Suppose -3*j + v*q - 15 = 0, -j = 7*q - 3*q. Let g = -1 - j. Calculate the remainder when g is divided by 2.
1
Suppose y + 2*z - 85 = 0, -z = -y - 4*y + 414. Calculate the remainder when y is divided by 21.
20
Let m(n) = n**2 + 5*n + 4. Let y be (1*-1)/((-4)/(-20)). Let a be m(y). Suppose -5*v + a = -26. What is the remainder when v is divided by 4?
2
Let z(b) = 4*b + 42. What is the remainder when 179 is divided by z(-7)?
11
Suppose 155 + 45 = -5*o. Let j = -20 - o. Suppose -3*w + 12 = -9. Calculate the remainder when j is divided by w.
6
Let j = -11 - -15. Calculate the remainder when 43 is divided by j/(-4) + (-24)/(-2).
10
Suppose -y + 3*k = -29, 7*k - 76 = -2*y + 4*k. What is the remainder when 39 is divided by 20/y + 143/7?
18
Let j = 103 + -55. Calculate the remainder when j is divided by 17.
14
Let r(u) = -6*u + 5. What is the remainder when r(-7) is divided by 12?
11
Let c = 28 + 5. What is the remainder when 98 is divided by c?
32
Suppose 0 = 3*x - 4*x + 10. Let t(f) = 2*f**3 - 4*f**2 + 2*f. What is the remainder when x is divided by t(2)?
2
Let g be 1/5 + 363/(-15). Calculate the remainder when -3 - 5/(15/g) is div